re the prime factors of w?
2
Suppose 2*h - 13 - 3 = 0. Let z be (-20)/(-16) + (-2)/h. Let c = z + 11. What are the prime factors of c?
2, 3
Suppose 4*d + 9 = d, 0 = 3*j + 3*d - 30. List the prime factors of j.
13
Suppose -2*q = 3*q + f + 100, 2*f = -3*q - 67. Let l = q - -27. List the prime factors of l.
2
Let g = 28 + -23. What are the prime factors of 32 + 1*(1 - g)?
2, 7
Suppose 2*o + 2*l - 6 = 0, -o = l - 6*l - 9. Suppose -o*z + 51 = -61. What are the prime factors of z?
2, 7
Suppose -t + 32 - 6 = 0. What are the prime factors of t?
2, 13
Suppose -6*x + 559 - 13 = 0. What are the prime factors of x?
7, 13
Let c be -3 + (-3)/(6/(-44)). List the prime factors of c + (-2)/(-4)*-2.
2, 3
Suppose 3*m - 2*m = 72. Let o = m + -46. Suppose c - o = -c. What are the prime factors of c?
13
What are the prime factors of -3 - (-1 - (35 + 2))?
5, 7
Suppose 4*a - 71 = 261. List the prime factors of a.
83
Let i(t) = -t**2 + 7*t - 5. Let c be i(5). Let q = -10 + 8. Let r = c + q. What are the prime factors of r?
3
Let i(u) = -u**2 + 5*u + 3. Let x be i(6). Let n(b) = -7*b. Let h be n(x). Suppose -h = -2*f + 1. What are the prime factors of f?
11
Let x = -54 + 117. Suppose 0 = -5*c + 7 + x. List the prime factors of c.
2, 7
Suppose -3*i + 1147 = -2*l, -2*i - 1527 = -6*i + 5*l. List the prime factors of i.
383
Let o = 39 - 19. Let q = 38 - o. List the prime factors of q.
2, 3
Let k(m) = m**2 + 4*m - 11. What are the prime factors of k(-12)?
5, 17
Let j = 65 - 38. Suppose -4*s + 37 = -j. Suppose -28 - s = -4*v. List the prime factors of v.
11
Suppose -156 = -2*h + 126. Suppose 0 = 5*b - h + 6. List the prime factors of b.
3
Suppose 2*d = -3*x + 959, -2*x = -3*d - 257 - 404. List the prime factors of x.
17, 19
Let u = -62 - -104. What are the prime factors of u?
2, 3, 7
Let w = -112 - -320. What are the prime factors of w?
2, 13
Let t(h) = 62*h - 11. List the prime factors of t(4).
3, 79
Let h(c) = c**3 + 9*c**2 + 6. Suppose -29 - 59 = -4*m. Suppose 5*n - 70 = 5*z, -3*z - n - m = -0*n. What are the prime factors of h(z)?
2, 3
Let r = 9 + -10. What are the prime factors of (r - -4) + 2/(-2)?
2
Let b(c) = 8*c + 1. Suppose -2*y + 2 = -0*v + 4*v, -5*y + 5 = -3*v. List the prime factors of b(y).
3
Suppose -2*q + 17 = 1. What are the prime factors of q?
2
Let c(b) be the third derivative of 0 + 1/120*b**6 + 0*b - 1/30*b**5 + 1/6*b**3 - b**2 + 1/12*b**4. What are the prime factors of c(2)?
5
Suppose -a + 6 = 2*a. Let i(t) = t**2 - t + 4 + a + 2*t - 3. List the prime factors of i(3).
3, 5
Let t(s) = -2*s - 4. Let q be t(-4). Let n(g) = 2*g**2 - 7*g + 5. What are the prime factors of n(q)?
3
Let z be (9/3 - 1)*-2. Let c be 5*(-3)/((-30)/z). List the prime factors of (-63)/(-5) - c/5.
13
Let a(y) = -y**2 + 9*y + 8. List the prime factors of a(8).
2
Let n = 578 + -233. List the prime factors of n.
3, 5, 23
Let w be 0/(-4 - 6/(-3)). Suppose 0 = 5*u - 3*s + 24, 2*s = 4*u - w*u + 20. Let q = u - -8. What are the prime factors of q?
2
Suppose -2*v + 3 = -v. Suppose 56 = -v*h + 8*h - i, -2*h = -2*i - 16. List the prime factors of h.
2, 3
Suppose -3*u + 3 = 5*k, 3*k = -2*k + u - 1. Suppose k = -a + 2*a - 1. Suppose j - a = 1. What are the prime factors of j?
2
Suppose -w + 76 = r - 0*r, 152 = 2*w - 4*r. What are the prime factors of w?
2, 19
Let p(t) be the third derivative of t**6/120 + t**5/12 - t**4/24 + 7*t**3/6 + 17*t**2. Let g(y) = 6*y + 1. Let q be g(-1). What are the prime factors of p(q)?
2, 3
Suppose -26 = 5*d - 101. List the prime factors of d.
3, 5
Let k = 0 + 2. Let y = 17 - k. Suppose 0*g - y = -5*g. List the prime factors of g.
3
Let v(x) = 2*x - x - 13*x. Let m be v(-2). Suppose -2*u + m = 2*u. What are the prime factors of u?
2, 3
Let z = -3 + -6. Let m = z - -26. Let s = m + -3. List the prime factors of s.
2, 7
Suppose 5*o - 2*y - 133 + 31 = 0, -2*y = -4*o + 82. Let b = o + -31. Let j(n) = -n - 7. List the prime factors of j(b).
2
Let w = 5 + 2. What are the prime factors of w?
7
Let u(g) = -g**3 + 9*g**2 + 6*g + 5. List the prime factors of u(7).
5, 29
Suppose 2*h - 343 = 65. What are the prime factors of h?
2, 3, 17
Suppose -6*j - 355 = -j. Let t = -39 - j. What are the prime factors of t?
2
Let o(t) = 19*t - 4. Let r be o(4). Suppose 7*w - w - r = 0. What are the prime factors of w?
2, 3
Suppose 4 = a - 34. What are the prime factors of a?
2, 19
Suppose 5*h = -a + 8, 2*a + 3*h + 9 = 6*a. Suppose -c = -10 - a. List the prime factors of c.
13
Let n = 338 + -157. What are the prime factors of n?
181
Let l = -7 - -41. Suppose -6 = 2*p - l. List the prime factors of p.
2, 7
Let w(x) = x + 7. Let i be w(-7). Let b be (i*2/4)/(-1). Suppose 0 = -4*m - 2*c + 48, 3*m - 36 = -b*c - 4*c. What are the prime factors of m?
2, 3
Suppose -8 = 2*h + 5*d, -4*h - 6*d = -3*d + 16. Let f be h/2*-3 - 2. Suppose 4*m = 3*i + 23, -f*i + 6 = 2*m - 0*i. List the prime factors of m.
5
Let j(v) = v**3 + 2*v**2 + 2. Let u be j(-2). Suppose u*t + 16 = -3*q - 18, -12 = 3*q. Let s = t - -15. List the prime factors of s.
2
Let k = 30 - 21. What are the prime factors of (15/k)/(2/6)?
5
Let k = 16 - -1. List the prime factors of k.
17
Let q(a) = 4*a**2 - 7*a - 21. List the prime factors of q(7).
2, 3, 7
Suppose -2 = -4*i + 6. Let h(d) = 1 - d**2 + d**2 + 3*d**i - 4*d**2 - d**3. What are the prime factors of h(-3)?
19
Suppose 3*a - w - 266 = 0, 0 = 5*a + 5*w - 145 - 325. What are the prime factors of a?
2, 3, 5
Suppose -3*r = -71 - 31. List the prime factors of r.
2, 17
Suppose 4*w = w. Suppose w = 5*n - 2*z - 0*z, -2*z = 4*n - 18. What are the prime factors of n?
2
Let z be 4/3*6/4. Suppose z*g = -2 - 2. List the prime factors of 10 - (g - 1/(-1)).
11
Let z = 111 - -280. List the prime factors of z.
17, 23
Suppose -4*t + 8 = -8. List the prime factors of t.
2
Let f = -41 + 80. What are the prime factors of f?
3, 13
Suppose 2*v = -3*v - 5*d + 845, 4*v = 2*d + 694. What are the prime factors of v?
2, 43
Let a = -31 + 27. Let l(t) be the second derivative of -2*t**3/3 - 3*t**2 - t. List the prime factors of l(a).
2, 5
What are the prime factors of 1*-5*18/(-3)?
2, 3, 5
Suppose -2*k + 0*k = -244. List the prime factors of k.
2, 61
List the prime factors of 28*5/50*30.
2, 3, 7
Let a(g) = 2*g**2 + 16*g + 13. What are the prime factors of a(-11)?
79
Suppose -10 = 2*h + 5*n, 8 = 5*h - 5*n + 68. List the prime factors of h/(-4)*18/5.
3
Suppose 2*u - 4*w = 384, 2 = -0*w - w. What are the prime factors of u?
2, 47
Let n = 519 + -203. What are the prime factors of n?
2, 79
Let c(r) = -2*r - 1. Let m(d) = 6*d + 3. Let o(s) = 8*c(s) + 3*m(s). What are the prime factors of o(3)?
7
Let z be 18/(-27) - (-202)/6. Let k = z - 19. What are the prime factors of k?
2, 7
Suppose 0 = -3*k - 7 - 5. Let f be (-4 - k)/(-2 - -1). Suppose -g = -2*q - 22, f = 2*g + 6*q - 2*q - 20. What are the prime factors of g?
2
Let p(b) = b**2 - 13*b + 16. Let g be p(11). What are the prime factors of (-5 - g)*(2 + 18)?
2, 5
Suppose -3*b + 23 = -6*j + 2*j, -j + b - 5 = 0. Let o = 14 + j. List the prime factors of o.
2, 3
What are the prime factors of 2156/18 - (-16)/72?
2, 3, 5
Suppose 0*y + 5*y = 15. Suppose y*o - 22 = 2*o. What are the prime factors of o?
2, 11
Suppose 3*l = 5*l - 6. Suppose l*z - 91 - 51 = -2*a, -3*z = 5*a - 364. Suppose -2*w + 3*p = 3*w - 105, 3*w = 4*p + a. What are the prime factors of w?
2, 3
Let g(l) be the second derivative of -8*l**3/3 + 3*l**2/2 - 4*l. What are the prime factors of g(-2)?
5, 7
Let r(y) = -2*y - 3. List the prime factors of r(-15).
3
Let j(u) = -u + 2. Let a(s) = s**3 + 4*s**2 - 2*s - 6. Let h be a(-4). Suppose -l - 3*l + 3*z - 37 = 0, -34 = 4*l - h*z. What are the prime factors of j(l)?
3
Suppose -1 = s - 19. Let w be (4/(-12))/((-2)/s). Suppose l + 14 = w*l. List the prime factors of l.
7
Let w(s) = -65*s + 2. What are the prime factors of w(-1)?
67
Let d be ((-1)/3)/((-3)/(-99)). Let w = d - -19. What are the prime factors of w?
2
Suppose -4 = -p - 0. Let f = 23 - p. What are the prime factors of f?
19
Suppose -5*d - 30 = -7*d. Let t be 162/15 - (-3)/d. Suppose 3*y - t = 1. List the prime factors of y.
2
Suppose 4*s + 4*v - 164 = 0, -4*v + 0*v = s - 29. Let h = s - 30. What are the prime factors of h?
3, 5
Let w(g) = -g**3 - 5*g**2 + g. Let q be w(-4). Let y = q - -65. What are the p